{"id":49,"date":"2022-08-15T09:07:46","date_gmt":"2022-08-15T12:07:46","guid":{"rendered":"http:\/\/sistematmc.com.br\/?page_id=49"},"modified":"2022-09-19T14:14:36","modified_gmt":"2022-09-19T17:14:36","slug":"onde-encontrar","status":"publish","type":"page","link":"https:\/\/sistematmc.com.br\/index.php\/onde-encontrar\/","title":{"rendered":"Onde Encontrar"},"content":{"rendered":"\t\t<div data-elementor-type=\"wp-page\" data-elementor-id=\"49\" class=\"elementor elementor-49\">\n\t\t\t\t\t\t\t<div class=\"elementor-element elementor-element-57f1245b e-container--row e-container\" data-id=\"57f1245b\" data-element_type=\"container\">\t\t<div class=\"elementor-element elementor-element-78696326 e-container--column e-container\" data-id=\"78696326\" data-element_type=\"container\">\t\t\t\t<div class=\"elementor-element elementor-element-4021e14e elementor-widget elementor-widget-heading\" data-id=\"4021e14e\" data-element_type=\"widget\" data-widget_type=\"heading.default\">\n\t\t\t\t<div class=\"elementor-widget-container\">\n\t\t\t<style>\/*! elementor - v3.7.6 - 15-09-2022 *\/\n.elementor-heading-title{padding:0;margin:0;line-height:1}.elementor-widget-heading .elementor-heading-title[class*=elementor-size-]>a{color:inherit;font-size:inherit;line-height:inherit}.elementor-widget-heading .elementor-heading-title.elementor-size-small{font-size:15px}.elementor-widget-heading .elementor-heading-title.elementor-size-medium{font-size:19px}.elementor-widget-heading .elementor-heading-title.elementor-size-large{font-size:29px}.elementor-widget-heading .elementor-heading-title.elementor-size-xl{font-size:39px}.elementor-widget-heading .elementor-heading-title.elementor-size-xxl{font-size:59px}<\/style><h2 class=\"elementor-heading-title elementor-size-default\">ONDE ENCONTRAR<\/h2>\t\t<\/div>\n\t\t\t\t<\/div>\n\t\t\t\t<div class=\"elementor-element elementor-element-6674764b elementor-widget elementor-widget-text-editor\" data-id=\"6674764b\" data-element_type=\"widget\" data-widget_type=\"text-editor.default\">\n\t\t\t\t<div class=\"elementor-widget-container\">\n\t\t\t<style>\/*! elementor - v3.7.6 - 15-09-2022 *\/\n.elementor-widget-text-editor.elementor-drop-cap-view-stacked .elementor-drop-cap{background-color:#818a91;color:#fff}.elementor-widget-text-editor.elementor-drop-cap-view-framed .elementor-drop-cap{color:#818a91;border:3px solid;background-color:transparent}.elementor-widget-text-editor:not(.elementor-drop-cap-view-default) .elementor-drop-cap{margin-top:8px}.elementor-widget-text-editor:not(.elementor-drop-cap-view-default) .elementor-drop-cap-letter{width:1em;height:1em}.elementor-widget-text-editor .elementor-drop-cap{float:left;text-align:center;line-height:1;font-size:50px}.elementor-widget-text-editor .elementor-drop-cap-letter{display:inline-block}<\/style>\t\t\t\t<p>Encontre aqui o produto original e reconhe\u00e7a o diferencial de qualidade e seguran\u00e7a que voc\u00ea merece!<\/p>\t\t\t\t\t\t<\/div>\n\t\t\t\t<\/div>\n\t\t\t\t<div class=\"elementor-element elementor-element-6341f6e1 elementor-widget elementor-widget-uael-hotspot\" data-id=\"6341f6e1\" data-element_type=\"widget\" data-settings=\"{&quot;position&quot;:&quot;right&quot;,&quot;trigger&quot;:&quot;hover&quot;}\" data-widget_type=\"uael-hotspot.default\">\n\t\t\t\t<div class=\"elementor-widget-container\">\n\t\t\t\n\t\t<div class=\"uael-hotspot  uael-hotspot-tooltip-yes \">\n\t\t\t<img loading=\"lazy\" decoding=\"async\" width=\"437\" height=\"460\" src=\"https:\/\/sistematmc.com.br\/wp-content\/uploads\/2022\/09\/4593030.png\" class=\"attachment-full size-full\" alt=\"\" \/>\t\t\t\n\t\t\t<div class=\"uael-hotspot-container\" data-side=\"right\" data-hotspottrigger=\"hover\" data-arrow=\"true\" data-distance=\"10\" data-delay=\"300\" data-animation=\"grow\" data-animduration=\"350\" data-zindex=\"99\" data-length=\"3\" data-autoplay=\"\" data-repeat=\"\" data-tourinterval=\"4000\" data-overlay=\"\" data-autoaction=\"\" data-hotspotviewport=\"90\" data-tooltip-maxwidth=\"250\" data-tooltip-minwidth=\"0\" >\n\n\t\t\t\t\t\t\t\t\t\t\t\t\t\t<span class=\"uael-tooltip elementor-repeater-item-0c6bd3c\">\n\t\t\t\t\t\t<span class=\"uael-hotspot-main-6341f6e1 uael-hotspot-content uael-hotspot-anim \" id=\"uael-tooltip-id-6341f6e1-1\" data-uaeltour=\"1\" data-tooltip-content=\"#uael-tooltip-content-6341f6e1-0c6bd3c\">\n\t\t\t\t\t\t\t<span class=\"uael-hotspot-text\">MG<\/span>\t\t\t\t\t\t<\/span>\n\t\t\t\t\t<\/span>\n\t\t\t\t\t\n\t\t\t\t\t\t\t\t\t\t\t\t\t\t\t\t<span class=\"uael-tooltip-container\">\n\t\t\t\t\t\t\t<span class=\"uael-tooltip-text uael-tour-inactive\" id=\"uael-tooltip-content-6341f6e1-0c6bd3c\"><img loading=\"lazy\" decoding=\"async\" class=\"alignnone size-medium wp-image-80 aligncenter\" src=\"http:\/\/euroglass.com.br\/wp-content\/uploads\/2022\/08\/45600097-540127809733091-632160920444862464-n-300x300.jpg\" alt=\"\" width=\"120\" height=\"120\" \/>\n<BR><p class=\"o-title\" style=\"text-align: center\"><strong>VINTAGE VIDROS<\/strong><\/p>\n<p class=\"o-title\" style=\"text-align: center\"><BR><small>FORNECEDORES HOMOLOGADOS DE PERFIS DE ALUM\u00cdNIO<\/small><\/p>\n<BR>\n<ul>\n \t<li><strong>ENDERE\u00c7O<\/strong>: RUA ARTUR JOVIANO, 136<\/li>\n \t<li><strong>BAIRRO<\/strong>: ANCHIETA<\/li>\n \t<li><strong>CEP<\/strong>: 30310-270<\/li>\n \t<li><strong>CIDADE<\/strong>: BELO HORIZONTE<\/li>\n \t<li><strong>TELEFONE<\/strong>: <a href=\"tel:3132270229\">(31) 3227-0229<\/a><\/li>\n \t<li><strong>E-MAIL<\/strong>: <a href=\"mailto:vintage@vintagevidros.com.br\">vintage@vintagevidros.com.br<\/a><\/li>\n \t<li><strong>SITE<\/strong>: <a href=\"http:\/\/vintagevidros.com.br\">www.vintagevidros.com.br<\/a><\/li>\n<\/ul>\t\t\t\t\t\t\t\t<span class=\"uael-tour\"><span class=\"uael-actual-step\">1 of 3<\/span><ul><li><a href=\"#0\" class=\"uael-prev-6341f6e1\" data-tooltipid=\"1\">&#171; Previous<\/a><\/li><li><a href=\"#0\" class=\"uael-next-6341f6e1\" data-tooltipid=\"1\">Next &#187;<\/a><\/li><\/ul><\/span>\n\t\t\t\t\t\t\t\t\t\t\t\t\t\t\t<\/span>\n\t\t\t\t\t\t<\/span>\n\t\t\t\t\t\t\t\t\t\t\t\t\t\t\t\t\t\t\t\t<span class=\"uael-tooltip elementor-repeater-item-6cb7919\">\n\t\t\t\t\t\t<span class=\"uael-hotspot-main-6341f6e1 uael-hotspot-content uael-hotspot-anim \" id=\"uael-tooltip-id-6341f6e1-2\" data-uaeltour=\"2\" data-tooltip-content=\"#uael-tooltip-content-6341f6e1-6cb7919\">\n\t\t\t\t\t\t\t<span class=\"uael-hotspot-text\">SP<\/span>\t\t\t\t\t\t<\/span>\n\t\t\t\t\t<\/span>\n\t\t\t\t\t\n\t\t\t\t\t\t\t\t\t\t\t\t\t\t\t\t<span class=\"uael-tooltip-container\">\n\t\t\t\t\t\t\t<span class=\"uael-tooltip-text uael-tour-inactive\" id=\"uael-tooltip-content-6341f6e1-6cb7919\"><p><strong>CURTAINGLASS System<\/strong><br \/><br \/><strong>CIDADE:<\/strong> SAO JOSE DO RIO PRETO &#8211; SP<br \/><strong>TELEFONE:<\/strong> <a href=\"tel:(17)99739-8039\">(17) 99739-8039<\/a><br \/><strong>E-MAIL:<\/strong> <a href=\"mailto:wagner.trigo@hotmail.com\">wagner.trigo@hotmail.com<\/a><\/p>\t\t\t\t\t\t\t\t<span class=\"uael-tour\"><span class=\"uael-actual-step\">2 of 3<\/span><ul><li><a href=\"#0\" class=\"uael-prev-6341f6e1\" data-tooltipid=\"2\">&#171; Previous<\/a><\/li><li><a href=\"#0\" class=\"uael-next-6341f6e1\" data-tooltipid=\"2\">Next &#187;<\/a><\/li><\/ul><\/span>\n\t\t\t\t\t\t\t\t\t\t\t\t\t\t\t<\/span>\n\t\t\t\t\t\t<\/span>\n\t\t\t\t\t\t\t\t\t\t\t\t\t\t\t\t\t\t\t\t<span class=\"uael-tooltip elementor-repeater-item-948700f\">\n\t\t\t\t\t\t<span class=\"uael-hotspot-main-6341f6e1 uael-hotspot-content uael-hotspot-anim \" id=\"uael-tooltip-id-6341f6e1-3\" data-uaeltour=\"3\" data-tooltip-content=\"#uael-tooltip-content-6341f6e1-948700f\">\n\t\t\t\t\t\t\t<span class=\"uael-hotspot-text\">RJ<\/span>\t\t\t\t\t\t<\/span>\n\t\t\t\t\t<\/span>\n\t\t\t\t\t\n\t\t\t\t\t\t\t\t\t\t\t\t\t\t\t\t<span class=\"uael-tooltip-container\">\n\t\t\t\t\t\t\t<span class=\"uael-tooltip-text uael-tour-inactive\" id=\"uael-tooltip-content-6341f6e1-948700f\"><strong>PANNEL FLASS<\/strong><br>\n<br>\n<br>\n<strong>CIDADE:<\/strong>\nBARRA DA TIJUCA RJ<br>\n<strong>TELEFONE:<\/strong>\n<a href=\"tel:+5521964076325\">(21) 96407-6325<\/a><br>\n<strong>E-MAIL:<\/strong> <a href=\"mailto:pannelglassrj@gmail.com\">pannelglassrj@gmail.com<\/a><br>\n<strong>SITE:<\/strong> <a href=\"http:\/\/www.pannelglass.com.br\">www.pannelglass.com.br<\/a><br>\n<br>\n<br>\n<strong>STARGLASS<\/strong><br>\n<br>\n<br>\n<strong>CIDADE:<\/strong> TAQUARA, RJ<br>\n<strong>TELEFONE:<\/strong>\n<a href=\"tel:+552197030-5697\">(21)97030-5697<\/a><br>\n<strong>E-MAIL:<\/strong>\n<a href=\"mailto:starglassrj@gmail.com\">starglassrj@gmail.com<\/a><br>\n<strong>SITE:<\/strong> <a href=\"http:\/\/www.starglassvidroaluminio.com.br\">www.starglassvidroaluminio.com.br<\/a>\t\t\t\t\t\t\t\t<span class=\"uael-tour\"><span class=\"uael-actual-step\">3 of 3<\/span><ul><li><a href=\"#0\" class=\"uael-prev-6341f6e1\" data-tooltipid=\"3\">&#171; Previous<\/a><\/li><li><a href=\"#0\" class=\"uael-next-6341f6e1\" data-tooltipid=\"3\">Next &#187;<\/a><\/li><\/ul><\/span>\n\t\t\t\t\t\t\t\t\t\t\t\t\t\t\t<\/span>\n\t\t\t\t\t\t<\/span>\n\t\t\t\t\t\t\t\t\t\t\t\t\t\t<\/div>\n\t\t\t\n\t\t\t\t\t<\/div>\n\t\t\t\t<\/div>\n\t\t\t\t<\/div>\n\t\t<\/div><div class=\"elementor-element elementor-element-2dbb0c54 e-container--column e-container\" data-id=\"2dbb0c54\" data-element_type=\"container\">\t\t\t\t<div class=\"elementor-element elementor-element-451a9930 uael-offcanvas-trigger-align-inline elementor-widget elementor-widget-uael-offcanvas\" data-id=\"451a9930\" data-element_type=\"widget\" data-settings=\"{&quot;uael_display_inline_button_align&quot;:&quot;justify&quot;}\" data-widget_type=\"uael-offcanvas.default\">\n\t\t\t\t<div class=\"elementor-widget-container\">\n\t\t\t\n\t\t<div id=\"451a9930-overlay\" data-trigger-on=\"button\" data-close-on-overlay=\"no\" data-close-on-esc=\"no\" data-content=\"content\" data-device=\"false\" data-custom=\"\" data-custom-id=\"\" data-canvas-width=\"500\" data-wrap-menu-item=\"no\" class=\"uael-offcanvas-parent-wrapper uael-module-content uaoffcanvas-451a9930\" >\n\t\t\t<div id=\"offcanvas-451a9930\" class=\"uael-offcanvas uael-custom-offcanvas   uael-offcanvas-type-normal uael-offcanvas-scroll-disable uael-offcanvas-shadow-inset position-at-left\">\n\t\t\t\t<div class=\"uael-offcanvas-content\">\n\t\t\t\t\t<div class=\"uael-offcanvas-action-wrap\">\n\t\t\t\t\t\t\t\t\t\t<div class=\"uael-offcanvas-close-icon-wrapper elementor-icon-wrapper elementor-clickable uael-offcanvas-close-icon-position-right-top\">\n\t\t\t\t\t<span class=\"uael-offcanvas-close elementor-icon-link elementor-clickable \">\n\t\t\t\t\t\t<span class=\"uael-offcanvas-close-icon\">\n\t\t\t\t\t\t\t\t\t\t\t\t\t\t\t\t<i aria-hidden=\"true\" class=\"fas fa-times\"><\/i>\t\t\t\t\t\t\t\t\t\t\t\t\t<\/span>\n\t\t\t\t\t<\/span>\n\t\t\t\t<\/div>\n\t\t\t\t\t\t\t\t\t<\/div>\n\t\t\t\t\t<div class=\"uael-offcanvas-text uael-offcanvas-content-data\">\n\t\t\t\t\t\t<div class=\"uael-text-editor elementor-inline-editing\" data-elementor-setting-key=\"ct_content\" data-elementor-inline-editing-toolbar=\"advanced\"><p><img loading=\"lazy\" decoding=\"async\" class=\"alignnone size-medium wp-image-80 aligncenter\" src=\"http:\/\/euroglass.com.br\/wp-content\/uploads\/2022\/08\/45600097-540127809733091-632160920444862464-n-300x300.jpg\" alt=\"\" width=\"120\" height=\"120\" \/><\/p>\n<p class=\"o-title\" style=\"text-align: center;\"><strong>VINTAGE VIDROS<br \/><\/strong><small>FORNECEDORES HOMOLOGADOS DE PERFIS DE ALUM\u00cdNIO<\/small><\/p>\n<ul>\n<li style=\"text-align: left;\"><strong>ENDERE\u00c7O<\/strong>: RUA ARTUR JOVIANO, 136<\/li>\n<li style=\"text-align: left;\"><strong>BAIRRO<\/strong>: ANCHIETA<\/li>\n<li style=\"text-align: left;\"><strong>CEP<\/strong>: 30310-270<\/li>\n<li style=\"text-align: left;\"><strong>CIDADE<\/strong>: BELO HORIZONTE<\/li>\n<li style=\"text-align: left;\"><strong>TELEFONE<\/strong>: <a href=\"tel:3132270229\">(31) 3227-0229<\/a><\/li>\n<li style=\"text-align: left;\"><strong>E-MAIL<\/strong>: <a href=\"mailto:vintage@vintagevidros.com.br\">vintage@vintagevidros.com.br<\/a><\/li>\n<li style=\"text-align: left;\"><strong>SITE<\/strong>: <a href=\"http:\/\/vintagevidros.com.br\">www.vintagevidros.com.br<\/a><\/li>\n<\/ul>\n<\/div>\t\t\t\t\t<\/div>\n\t\t\t\t<\/div>\n\t\t\t<\/div>\n\t\t\t<div class=\"uael-offcanvas-overlay elementor-clickable\"><\/div>\n\t\t<\/div>\n\t\t\t<div class=\"uael-offcanvas-action-wrap\">\n\t\t\t\t\t\t<div class=\"uael-button-wrapper elementor-button-wrapper elementor-align-justify elementor-tablet-align- elementor-mobile-align-\">\n\t\t\t<a href=\"javascript:void(0);\" class=\"uael-offcanvas-trigger elementor-button-link elementor-button elementor-clickable elementor-size-md\" data-offcanvas=\"451a9930\">\n\t\t\t\t\t\t<span class=\"elementor-button-content-wrapper\">\n\n\t\t\t\t\t\t\t\t\t\t\t\t<span class=\"elementor-button-icon elementor-align-icon-right\">\n\t\t\t\t\t\t\t\t\t\t\t<\/span>\n\t\t\t\t\t\t\t\t\t\t<span class=\"elementor-button-text elementor-inline-editing\" data-elementor-setting-key=\"btn_text\" data-elementor-inline-editing-toolbar=\"none\">FORNECEDORES<BR>HOMOLOGADOS DE PERFIS<BR>DE ALUM\u00cdNIO<\/span>\n\t\t<\/span>\n\t\t\t\t\t<\/a>\n\t\t<\/div>\n\t\t\t\t\t<\/div>\n\t\t\t\t<\/div>\n\t\t\t\t<\/div>\n\t\t\t\t<div class=\"elementor-element elementor-element-1bda9ec3 uael-offcanvas-trigger-align-inline elementor-widget elementor-widget-uael-offcanvas\" data-id=\"1bda9ec3\" data-element_type=\"widget\" data-settings=\"{&quot;uael_display_inline_button_align&quot;:&quot;justify&quot;}\" data-widget_type=\"uael-offcanvas.default\">\n\t\t\t\t<div class=\"elementor-widget-container\">\n\t\t\t\n\t\t<div id=\"1bda9ec3-overlay\" data-trigger-on=\"button\" data-close-on-overlay=\"no\" data-close-on-esc=\"no\" data-content=\"content\" data-device=\"false\" data-custom=\"\" data-custom-id=\"\" data-canvas-width=\"300\" data-wrap-menu-item=\"no\" class=\"uael-offcanvas-parent-wrapper uael-module-content uaoffcanvas-1bda9ec3\" >\n\t\t\t<div id=\"offcanvas-1bda9ec3\" class=\"uael-offcanvas uael-custom-offcanvas   uael-offcanvas-type-normal uael-offcanvas-scroll-disable uael-offcanvas-shadow-inset position-at-left\">\n\t\t\t\t<div class=\"uael-offcanvas-content\">\n\t\t\t\t\t<div class=\"uael-offcanvas-action-wrap\">\n\t\t\t\t\t\t\t\t\t\t<div class=\"uael-offcanvas-close-icon-wrapper elementor-icon-wrapper elementor-clickable uael-offcanvas-close-icon-position-right-top\">\n\t\t\t\t\t<span class=\"uael-offcanvas-close elementor-icon-link elementor-clickable \">\n\t\t\t\t\t\t<span class=\"uael-offcanvas-close-icon\">\n\t\t\t\t\t\t\t\t\t\t\t\t\t\t\t\t<i aria-hidden=\"true\" class=\"fas fa-times\"><\/i>\t\t\t\t\t\t\t\t\t\t\t\t\t<\/span>\n\t\t\t\t\t<\/span>\n\t\t\t\t<\/div>\n\t\t\t\t\t\t\t\t\t<\/div>\n\t\t\t\t\t<div class=\"uael-offcanvas-text uael-offcanvas-content-data\">\n\t\t\t\t\t\t<div class=\"uael-text-editor elementor-inline-editing\" data-elementor-setting-key=\"ct_content\" data-elementor-inline-editing-toolbar=\"advanced\"><p style=\"text-align: center;\">FORNECEDORES HOMOLOGADOS DE ACESS\u00d3RIOS E COMPONENTES DO PRODUTO<\/p>\n<\/div>\t\t\t\t\t<\/div>\n\t\t\t\t<\/div>\n\t\t\t<\/div>\n\t\t\t<div class=\"uael-offcanvas-overlay elementor-clickable\"><\/div>\n\t\t<\/div>\n\t\t\t<div class=\"uael-offcanvas-action-wrap\">\n\t\t\t\t\t\t<div class=\"uael-button-wrapper elementor-button-wrapper elementor-align-justify elementor-tablet-align- elementor-mobile-align-\">\n\t\t\t<a href=\"javascript:void(0);\" class=\"uael-offcanvas-trigger elementor-button-link elementor-button elementor-clickable elementor-size-md\" data-offcanvas=\"1bda9ec3\">\n\t\t\t\t\t\t<span class=\"elementor-button-content-wrapper\">\n\n\t\t\t\t\t\t\t\t\t\t\t\t<span class=\"elementor-button-icon elementor-align-icon-right\">\n\t\t\t\t\t\t\t\t\t\t\t<\/span>\n\t\t\t\t\t\t\t\t\t\t<span class=\"elementor-button-text elementor-inline-editing\" data-elementor-setting-key=\"btn_text\" data-elementor-inline-editing-toolbar=\"none\">FORNECEDORES<BR>HOMOLOGADOS DE<BR>ACESS\u00d3RIOS E COMPONENTES<BR> DO PRODUTO<\/span>\n\t\t<\/span>\n\t\t\t\t\t<\/a>\n\t\t<\/div>\n\t\t\t\t\t<\/div>\n\t\t\t\t<\/div>\n\t\t\t\t<\/div>\n\t\t\t\t<div class=\"elementor-element elementor-element-4564e563 uael-offcanvas-trigger-align-inline elementor-widget elementor-widget-uael-offcanvas\" data-id=\"4564e563\" data-element_type=\"widget\" data-settings=\"{&quot;uael_display_inline_button_align&quot;:&quot;justify&quot;}\" data-widget_type=\"uael-offcanvas.default\">\n\t\t\t\t<div class=\"elementor-widget-container\">\n\t\t\t\n\t\t<div id=\"4564e563-overlay\" data-trigger-on=\"button\" data-close-on-overlay=\"no\" data-close-on-esc=\"no\" data-content=\"content\" data-device=\"false\" data-custom=\"\" data-custom-id=\"\" data-canvas-width=\"300\" data-wrap-menu-item=\"no\" class=\"uael-offcanvas-parent-wrapper uael-module-content uaoffcanvas-4564e563\" >\n\t\t\t<div id=\"offcanvas-4564e563\" class=\"uael-offcanvas uael-custom-offcanvas   uael-offcanvas-type-normal uael-offcanvas-scroll-disable uael-offcanvas-shadow-inset position-at-left\">\n\t\t\t\t<div class=\"uael-offcanvas-content\">\n\t\t\t\t\t<div class=\"uael-offcanvas-action-wrap\">\n\t\t\t\t\t\t\t\t\t\t<div class=\"uael-offcanvas-close-icon-wrapper elementor-icon-wrapper elementor-clickable uael-offcanvas-close-icon-position-right-top\">\n\t\t\t\t\t<span class=\"uael-offcanvas-close elementor-icon-link elementor-clickable \">\n\t\t\t\t\t\t<span class=\"uael-offcanvas-close-icon\">\n\t\t\t\t\t\t\t\t\t\t\t\t\t\t\t\t<i aria-hidden=\"true\" class=\"fas fa-times\"><\/i>\t\t\t\t\t\t\t\t\t\t\t\t\t<\/span>\n\t\t\t\t\t<\/span>\n\t\t\t\t<\/div>\n\t\t\t\t\t\t\t\t\t<\/div>\n\t\t\t\t\t<div class=\"uael-offcanvas-text uael-offcanvas-content-data\">\n\t\t\t\t\t\t<div class=\"uael-text-editor elementor-inline-editing\" data-elementor-setting-key=\"ct_content\" data-elementor-inline-editing-toolbar=\"advanced\"><p style=\"text-align: center;\">FORNECEDORES HOMOLOGADOS DE PERFIS DE ALUMINIO<\/p>\n<\/div>\t\t\t\t\t<\/div>\n\t\t\t\t<\/div>\n\t\t\t<\/div>\n\t\t\t<div class=\"uael-offcanvas-overlay elementor-clickable\"><\/div>\n\t\t<\/div>\n\t\t\t<div class=\"uael-offcanvas-action-wrap\">\n\t\t\t\t\t\t<div class=\"uael-button-wrapper elementor-button-wrapper elementor-align-justify elementor-tablet-align- elementor-mobile-align-\">\n\t\t\t<a href=\"javascript:void(0);\" class=\"uael-offcanvas-trigger elementor-button-link elementor-button elementor-clickable elementor-size-md\" data-offcanvas=\"4564e563\">\n\t\t\t\t\t\t<span class=\"elementor-button-content-wrapper\">\n\n\t\t\t\t\t\t\t\t\t\t\t\t<span class=\"elementor-button-icon elementor-align-icon-right\">\n\t\t\t\t\t\t\t\t\t\t\t<\/span>\n\t\t\t\t\t\t\t\t\t\t<span class=\"elementor-button-text elementor-inline-editing\" data-elementor-setting-key=\"btn_text\" data-elementor-inline-editing-toolbar=\"none\">DISTRIBUIDORES E<BR>REVENDEDORES<BR>HOMOLOGADOS<\/span>\n\t\t<\/span>\n\t\t\t\t\t<\/a>\n\t\t<\/div>\n\t\t\t\t\t<\/div>\n\t\t\t\t<\/div>\n\t\t\t\t<\/div>\n\t\t\t\t<div class=\"elementor-element elementor-element-1617f7b3 uael-offcanvas-trigger-align-inline elementor-widget elementor-widget-uael-offcanvas\" data-id=\"1617f7b3\" data-element_type=\"widget\" data-settings=\"{&quot;uael_display_inline_button_align&quot;:&quot;justify&quot;}\" data-widget_type=\"uael-offcanvas.default\">\n\t\t\t\t<div class=\"elementor-widget-container\">\n\t\t\t\n\t\t<div id=\"1617f7b3-overlay\" data-trigger-on=\"button\" data-close-on-overlay=\"no\" data-close-on-esc=\"no\" data-content=\"content\" data-device=\"false\" data-custom=\"\" data-custom-id=\"\" data-canvas-width=\"300\" data-wrap-menu-item=\"no\" class=\"uael-offcanvas-parent-wrapper uael-module-content uaoffcanvas-1617f7b3\" >\n\t\t\t<div id=\"offcanvas-1617f7b3\" class=\"uael-offcanvas uael-custom-offcanvas   uael-offcanvas-type-normal uael-offcanvas-scroll-disable uael-offcanvas-shadow-inset position-at-left\">\n\t\t\t\t<div class=\"uael-offcanvas-content\">\n\t\t\t\t\t<div class=\"uael-offcanvas-action-wrap\">\n\t\t\t\t\t\t\t\t\t\t<div class=\"uael-offcanvas-close-icon-wrapper elementor-icon-wrapper elementor-clickable uael-offcanvas-close-icon-position-right-top\">\n\t\t\t\t\t<span class=\"uael-offcanvas-close elementor-icon-link elementor-clickable \">\n\t\t\t\t\t\t<span class=\"uael-offcanvas-close-icon\">\n\t\t\t\t\t\t\t\t\t\t\t\t\t\t\t\t<i aria-hidden=\"true\" class=\"fas fa-times\"><\/i>\t\t\t\t\t\t\t\t\t\t\t\t\t<\/span>\n\t\t\t\t\t<\/span>\n\t\t\t\t<\/div>\n\t\t\t\t\t\t\t\t\t<\/div>\n\t\t\t\t\t<div class=\"uael-offcanvas-text uael-offcanvas-content-data\">\n\t\t\t\t\t\t<div class=\"uael-text-editor elementor-inline-editing\" data-elementor-setting-key=\"ct_content\" data-elementor-inline-editing-toolbar=\"advanced\"><p style=\"text-align: center;\">FORNECEDORES HOMOLOGADOS DE PERFIS DE ALUMINIO<\/p>\n<\/div>\t\t\t\t\t<\/div>\n\t\t\t\t<\/div>\n\t\t\t<\/div>\n\t\t\t<div class=\"uael-offcanvas-overlay elementor-clickable\"><\/div>\n\t\t<\/div>\n\t\t\t<div class=\"uael-offcanvas-action-wrap\">\n\t\t\t\t\t\t<div class=\"uael-button-wrapper elementor-button-wrapper elementor-align-justify elementor-tablet-align- elementor-mobile-align-\">\n\t\t\t<a href=\"javascript:void(0);\" class=\"uael-offcanvas-trigger elementor-button-link elementor-button elementor-clickable elementor-size-md\" data-offcanvas=\"1617f7b3\">\n\t\t\t\t\t\t<span class=\"elementor-button-content-wrapper\">\n\n\t\t\t\t\t\t\t\t\t\t\t\t<span class=\"elementor-button-icon elementor-align-icon-right\">\n\t\t\t\t\t\t\t\t\t\t\t<\/span>\n\t\t\t\t\t\t\t\t\t\t<span class=\"elementor-button-text elementor-inline-editing\" data-elementor-setting-key=\"btn_text\" data-elementor-inline-editing-toolbar=\"none\">PRESTADORES DE<BR>SERVI\u00c7OS HOMOLOGADOS<BR>PARA INSTALA\u00c7\u00c3O<BR>DO PRODUTO<\/span>\n\t\t<\/span>\n\t\t\t\t\t<\/a>\n\t\t<\/div>\n\t\t\t\t\t<\/div>\n\t\t\t\t<\/div>\n\t\t\t\t<\/div>\n\t\t<\/div><\/div>\t\t\t\t\t<\/div>\n\t\t","protected":false},"excerpt":{"rendered":"<p>ONDE ENCONTRAR Encontre aqui o produto original e reconhe\u00e7a o diferencial de qualidade e seguran\u00e7a que voc\u00ea merece! MG VINTAGE VIDROS FORNECEDORES HOMOLOGADOS DE PERFIS DE ALUM\u00cdNIO ENDERE\u00c7O: RUA ARTUR JOVIANO, 136 BAIRRO: ANCHIETA CEP: 30310-270 CIDADE: BELO HORIZONTE TELEFONE: (31) 3227-0229 E-MAIL: vintage@vintagevidros.com.br SITE: www.vintagevidros.com.br 1 of 3 &#171; Previous Next &#187; SP CURTAINGLASS &hellip;<\/p>\n<p class=\"read-more\"> <a class=\"\" href=\"https:\/\/sistematmc.com.br\/index.php\/onde-encontrar\/\"> <span class=\"screen-reader-text\">Onde Encontrar<\/span> Leia mais &raquo;<\/a><\/p>\n","protected":false},"author":1,"featured_media":0,"parent":0,"menu_order":0,"comment_status":"closed","ping_status":"closed","template":"","meta":{"site-sidebar-layout":"no-sidebar","site-content-layout":"page-builder","ast-global-header-display":"","ast-main-header-display":"","ast-hfb-above-header-display":"","ast-hfb-below-header-display":"","ast-hfb-mobile-header-display":"","site-post-title":"disabled","ast-breadcrumbs-content":"","ast-featured-img":"disabled","footer-sml-layout":"","theme-transparent-header-meta":"","adv-header-id-meta":"","stick-header-meta":"","header-above-stick-meta":"","header-main-stick-meta":"","header-below-stick-meta":"","footnotes":""},"_links":{"self":[{"href":"https:\/\/sistematmc.com.br\/index.php\/wp-json\/wp\/v2\/pages\/49"}],"collection":[{"href":"https:\/\/sistematmc.com.br\/index.php\/wp-json\/wp\/v2\/pages"}],"about":[{"href":"https:\/\/sistematmc.com.br\/index.php\/wp-json\/wp\/v2\/types\/page"}],"author":[{"embeddable":true,"href":"https:\/\/sistematmc.com.br\/index.php\/wp-json\/wp\/v2\/users\/1"}],"replies":[{"embeddable":true,"href":"https:\/\/sistematmc.com.br\/index.php\/wp-json\/wp\/v2\/comments?post=49"}],"version-history":[{"count":4,"href":"https:\/\/sistematmc.com.br\/index.php\/wp-json\/wp\/v2\/pages\/49\/revisions"}],"predecessor-version":[{"id":235,"href":"https:\/\/sistematmc.com.br\/index.php\/wp-json\/wp\/v2\/pages\/49\/revisions\/235"}],"wp:attachment":[{"href":"https:\/\/sistematmc.com.br\/index.php\/wp-json\/wp\/v2\/media?parent=49"}],"curies":[{"name":"wp","href":"https:\/\/api.w.org\/{rel}","templated":true}]}}